e the remainder when 403622 is divided by 66.
32
Calculate the remainder when 1171855 is divided by 234358.
65
What is the remainder when 72504 is divided by 23447?
2163
Calculate the remainder when 1318724 is divided by 2007.
125
What is the remainder when 21179564 is divided by 72782?
2
Calculate the remainder when 933048 is divided by 584.
400
Calculate the remainder when 68543 is divided by 1518.
233
What is the remainder when 12866497 is divided by 1429610?
7
What is the remainder when 194484523 is divided by 3075?
3073
What is the remainder when 82271813 is divided by 88?
85
What is the remainder when 308899 is divided by 34299?
208
What is the remainder when 6651 is divided by 6490?
161
What is the remainder when 9290009 is divided by 326?
313
Calculate the remainder when 73816 is divided by 5634.
574
Calculate the remainder when 2646758 is divided by 61.
29
What is the remainder when 2506838 is divided by 1000?
838
Calculate the remainder when 273516 is divided by 136703.
110
Calculate the remainder when 203296 is divided by 202982.
314
Calculate the remainder when 4228683 is divided by 1712.
43
Calculate the remainder when 52944 is divided by 503.
129
Calculate the remainder when 5162367 is divided by 215098.
15
What is the remainder when 58169 is divided by 8142?
1175
Calculate the remainder when 4037385 is divided by 1345793.
6
Calculate the remainder when 16126748 is divided by 24.
20
Calculate the remainder when 52051410 is divided by 14.
12
What is the remainder when 572901 is divided by 807?
738
Calculate the remainder when 50517 is divided by 358.
39
Calculate the remainder when 120999 is divided by 40274.
177
What is the remainder when 4455 is divided by 4279?
176
What is the remainder when 210047 is divided by 12?
11
Calculate the remainder when 987758 is divided by 5282.
24
Calculate the remainder when 1058983 is divided by 9129.
19
Calculate the remainder when 5475388 is divided by 5475388.
0
Calculate the remainder when 7819018 is divided by 13.
12
Calculate the remainder when 4045286 is divided by 142.
132
What is the remainder when 43727835 is divided by 733?
720
What is the remainder when 1063873 is divided by 31289?
47
Calculate the remainder when 6009662 is divided by 16.
14
Calculate the remainder when 631294 is divided by 50.
44
Calculate the remainder when 5833765 is divided by 1183.
392
Calculate the remainder when 11273199 is divided by 62.
49
Calculate the remainder when 7286089 is divided by 946.
943
What is the remainder when 1240654 is divided by 236?
2
Calculate the remainder when 1333085 is divided by 1293.
2
What is the remainder when 1832230 is divided by 2248?
110
Calculate the remainder when 120479 is divided by 33.
29
Calculate the remainder when 503088 is divided by 6132.
264
What is the remainder when 243058 is divided by 119?
60
What is the remainder when 139609 is divided by 23268?
1
Calculate the remainder when 457084 is divided by 31.
20
Calculate the remainder when 372662 is divided by 1595.
1027
Calculate the remainder when 517643 is divided by 299.
74
What is the remainder when 99838 is divided by 456?
430
Calculate the remainder when 2595518 is divided by 45.
8
Calculate the remainder when 784920 is divided by 102.
30
Calculate the remainder when 3273768 is divided by 44.
36
Calculate the remainder when 44014285 is divided by 5535.
5500
Calculate the remainder when 418312 is divided by 138.
34
Calculate the remainder when 321306 is divided by 80312.
58
What is the remainder when 63304 is divided by 20755?
1039
What is the remainder when 37145579 is divided by 113?
106
What is the remainder when 43539 is divided by 117?
15
What is the remainder when 2085632 is divided by 130352?
0
Calculate the remainder when 10195123 is divided by 32.
19
Calculate the remainder when 28095712 is divided by 14.
8
Calculate the remainder when 295136 is divided by 8488.
6544
What is the remainder when 7275079 is divided by 310?
309
What is the remainder when 48620457 is divided by 1604?
9
What is the remainder when 875068 is divided by 393?
250
What is the remainder when 2483825 is divided by 104?
97
Calculate the remainder when 1264447 is divided by 587.
49
What is the remainder when 45618465 is divided by 2133?
2127
What is the remainder when 16545449 is divided by 614?
605
Calculate the remainder when 72974715 is divided by 153.
141
What is the remainder when 155400 is divided by 3899?
3339
Calculate the remainder when 555725 is divided by 277406.
913
Calculate the remainder when 5962137 is divided by 2172.
2169
What is the remainder when 49576 is divided by 3316?
3152
What is the remainder when 807927 is divided by 141?
138
Calculate the remainder when 7650046 is divided by 7650046.
0
Calculate the remainder when 35064 is divided by 166.
38
What is the remainder when 36690 is divided by 1738?
192
What is the remainder when 462122 is divided by 462111?
11
Calculate the remainder when 132947 is divided by 13294.
7
Calculate the remainder when 2322952 is divided by 159.
121
Calculate the remainder when 7148669 is divided by 1370.
9
What is the remainder when 78054 is divided by 3917?
3631
What is the remainder when 44824 is divided by 44116?
708
Calculate the remainder when 22005 is divided by 10924.
157
Calculate the remainder when 47328976 is divided by 2087.
2077
What is the remainder when 658005 is divided by 657994?
11
Calculate the remainder when 8055387 is divided by 1537.
1507
What is the remainder when 232927 is divided by 2103?
1597
Calculate the remainder when 28208772 is divided by 10028.
8
What is the remainder when 10249341 is divided by 251?
7
Calculate the remainder when 6903503 is divided by 203032.
415
Calculate the remainder when 33183992 is divided by 16591993.
6
Calculate the remainder when 18672197 is divided by 101.
24
Calculate the remainder when 85213 is divided by 935.
128
Calculate the remainder when 501634 is divided by 27868.
10
What is the remainder when 2467297 is divided by 2467279?
18
What is the remainder when 164498 is divided by 4417?
1069
Calculate the remainder when 2135680 is divided by 185.
40
What is the remainder when 500388 is divided by 1947?
9
What is the remainder when 25966004 is divided by 2102?
2100
Calculate the remainder when 8924595 is divided by 60.
15
What is the remainder when 1757052 is divided by 56?
52
What is the remainder when 399519 is divided by 1116?
1107
Calculate the remainder when 1820060 is divided by 260008.
4
Calculate the remainder when 43995 is divided by 4316.
835
What is the remainder when 5762622 is divided by 1064?
1062
Calculate the remainder when 5035698 is divided by 5035677.
21
Calculate the remainder when 310470932 is divided by 5487.
11
Calculate the remainder when 38661 is divided by 2848.
1637
Calculate the remainder when 5347423 is divided by 53474.
23
Calculate the remainder when 183164 is divided by 47.
5
What is the remainder when 1947968 is divided by 359?
34
Calculate the remainder when 59635 is divided by 78.
43
What is the remainder when 45655856 is divided by 15218613?
17
Calculate the remainder when 289406994 is divided by 47.
29
Calculate the remainder when 247269 is divided by 20285.
3849
Calculate the remainder when 1407035 is divided by 351703.
223
What is the remainder when 204813 is divided by 68075?
588
What is the remainder when 3636942 is divided by 82?
78
Calculate the remainder when 38448742 is divided by 12.
10
What is the remainder when 23781 is divided by 1981?
9
Calculate the remainder when 12109175 is divided by 5.
0
Calculate the remainder when 107902 is divided by 401.
33
Calculate the remainder when 27930374 is divided by 202394.
2
What is the remainder when 1633717 is divided by 180?
37
Calculate the remainder when 24892824 is divided by 93.
72
What is the remainder when 45506 is divided by 207?
173
Calculate the remainder when 463636 is divided by 113.
110
Calculate the remainder when 839047 is divided by 347.
1
What is the remainder when 20641 is divided by 1081?
102
What is the remainder when 324259 is divided by 64842?
49
Calculate the remainder when 220398 is divided by 454.
208
Calculate the remainder when 225039 is divided by 54482.
7111
What is the remainder when 1655571 is divided by 168